 Let q be n(0). Calculate v(q).
-7
Let l = 105 - 111. Let j(r) = -r + 8. Calculate j(l).
14
Let j(w) = -2*w**2 + 23*w - 17. Suppose 0 = q - 1 - 10. Let k be j(q). Let a(f) = f + 2. Determine a(k).
-4
Let n(x) = 11*x**3 + 9*x + 18. Let v(f) = 5*f**3 + 4*f + 9. Let h(z) = -4*n(z) + 9*v(z). Suppose -3*u - 4*u + 2*u = 4*u. Determine h(u).
9
Let s(c) be the first derivative of c**3/6 + c**2/2 + c + 12. Let m(q) be the first derivative of s(q). Calculate m(5).
6
Suppose 14*n - 6*n = 10*n. Let m(c) = c**3 + c**2 + 3*c + 1. Let u(z) = z**3 + z**2 + z - 1. Let q = -1 + 0. Let w(a) = q*m(a) + 2*u(a). Calculate w(n).
-3
Let i(g) = -g + 14. Let q = 12 - 18. Let a = 16 - q. Suppose -3*z = -4*d - 21, 4*z - d - 6 = a. Determine i(z).
7
Let j(h) = -2*h + 24. Suppose 1284 = 144*t - 156. Give j(t).
4
Let o(s) = s**3 + 91*s**2 - 2 - 4*s + 3 - 92*s**2. Give o(-3).
-23
Let q(o) = o**2 - 8*o + 7. Let z(k) = 2*k**2 - 15*k + 13. Let h(d) = -7*q(d) + 4*z(d). Let j be h(3). Suppose j = 2*a - 6*a. Let x(m) = m - 2. Give x(a).
-2
Let n(b) be the first derivative of b**5/20 - b**4/2 - 7*b**3/6 - 2*b**2 - 9*b + 15. Let v(a) be the first derivative of n(a). Calculate v(7).
-4
Let b = -52 + 88. Let q = b - 34. Let f(s) = s**2 - s - 1. What is f(q)?
1
Let z(h) = -7*h**2 + 5*h - 21. Let g(l) = 4*l**2 - 2*l + 11. Let i(a) = 5*g(a) + 3*z(a). Calculate i(4).
-4
Let u(g) = -3*g**3 + 3*g**2 - g + 2. Let h(m) = 16*m**3 - 15*m**2 + 5*m - 9. Let t(c) = -2*h(c) - 11*u(c). Let v be t(2). Let j(f) = -3*f - 6. What is j(v)?
12
Suppose j + 1 = -3*o + 4, 2*o = j - 8. Let t(w) = -w**2 + 0*w**2 + w - j*w - 1 + 3*w. What is t(-4)?
-9
Let z(t) = 7*t**2 + 9*t + 4. Let p(n) = -2*n**2 - 1. Let b(o) = 3*p(o) + z(o). Determine b(-9).
1
Let d(v) be the first derivative of v**2/2 - 6*v - 626. Let a(x) = -x + 15. Let c be a(7). Calculate d(c).
2
Let d(y) = y + 19. Suppose -5*s = 2*c + 33, -14*s = -10*s + 4. Calculate d(c).
5
Let c(m) be the third derivative of -m**4/24 + 2*m**3/3 + 5*m**2 - 4*m. Calculate c(7).
-3
Let l be 3/(-45) + (-20)/(-300). Let y(w) = w - 52. What is y(l)?
-52
Suppose -1514*r = -1515*r + 3. Let v(p) = p**2 + 1. What is v(r)?
10
Let j = 36 + -20. Suppose 12*z + 4 = j*z. Let d(f) = -3*f + 7*f - 1 - f. Determine d(z).
2
Let f(h) = -844 + 402 - 2*h + 417. Give f(-14).
3
Let h be -7*(172/84 - 3/9). Let d be -3 - h/30*(-5)/1. Let i(q) = -q - 9. What is i(d)?
-4
Let p(q) = -4*q - 7. Let v be (-12)/(-10) - (-26)/(-5). What is p(v)?
9
Let w(t) = t**2 - 1. Suppose 9*i - 4 = 5*i. Suppose 2*o + i = -17. Let l be ((-21)/(-28))/(o/(-24)). Give w(l).
3
Let v(i) = -5*i - 14 - 11*i**2 - 153*i**3 + 304*i**3 - 152*i**3. Give v(-10).
-64
Let a(t) = t**2 + 5*t + 1. Let v be a(-4). Let y(f) = 2*f**3 - 5*f**2 - 2*f - 9. Let g(m) = -m**3 + m**2 + m + 2. Let r(j) = v*g(j) - y(j). Give r(-3).
-3
Let i = 3 + -5. Let x be -1 + i + (12 - 7). Let g(a) = x + 0 - 2*a - 2. Calculate g(1).
-2
Let x(n) = n - 2. Suppose 4*p - 6*p + 1 = a, 4*a - p = 31. What is x(a)?
5
Let a be 4/((-6)/(-3) - 0). Suppose -a*r + 3*r = 0. Suppose 0 = -5*j - 2*v - 35, 4*j + r*j + 28 = v. Let k(c) = -c**3 - 7*c**2 - 2. What is k(j)?
-2
Let p(m) = -m**3 - m**2 - m. Let n(c) = 3*c**3 + 6*c**2 + c - 4. Let l = 10 + -9. Let q(y) = l*n(y) + 2*p(y). Suppose 16 = -7*o + 3*o. Calculate q(o).
0
Let f be (1/1)/(1/2). Suppose 0 = -c + 13 + f. Suppose 0 = -3*y - 2*m - 1 + 7, -5*m + c = -5*y. Let s(u) = -u + 5. Give s(y).
5
Let t be (-14)/21*(-5 + -1). Let o(v) be the second derivative of -v**4/12 + 2*v**3/3 + 2*v**2 - 17*v. Give o(t).
4
Let s(y) be the second derivative of -y**3/2 - 12*y**2 + 37*y. Calculate s(-6).
-6
Suppose -3*n + d + 12 = 0, 0 + 12 = -4*d. Let i(c) = -5*c + 11. What is i(n)?
-4
Let d(y) = y. Let n(j) = -15*j. Let p(r) = -60*d(r) - 3*n(r). Suppose -2*b = 3*q - 6 - 3, -3*b = 3*q - 15. Suppose -b*z + 9*z = -3. Determine p(z).
15
Let y(l) = 4*l - 1. Let p be (1/(-2))/(4/(-72)). Let c be (-3)/(-2)*(-6)/p. Determine y(c).
-5
Let f(v) be the second derivative of -v**7/84 + v**6/180 - v**5/60 + v**4/24 - 19*v**3/3 + v. Let n(a) be the second derivative of f(a). What is n(1)?
-9
Let h(w) = -9*w**3 - 5*w**2 - 8*w + 1. Let b(p) = -20*p**3 - 10*p**2 - 18*p + 3. Let y(t) = 4*b(t) - 9*h(t). Suppose 0 = 4*n + 7 + 13. Determine y(n).
3
Suppose 0 = 43*k - 51*k - 24. Let r(z) = 4*z - 1. Let h(i) = 3*i. Let b(y) = -5*h(y) + 4*r(y). Determine b(k).
-7
Let q(d) = d**2 - 10*d - 25. Let v be (16/(-2))/(-2) - -8. What is q(v)?
-1
Let h(g) = -3*g**2 + 5*g. Suppose -1 + 3 = -2*y. Let x(o) = o**2. Let a(z) = y*h(z) - 2*x(z). Calculate a(4).
-4
Let a(p) be the third derivative of -6*p**2 + 0*p + 1/3*p**3 + 1/12*p**4 + 0. Let c = 14 + -17. Determine a(c).
-4
Let w be (4 - (-6 + 61)) + 2/(-1). Let g = w + 58. Let m(s) = -2*s - 3. Let p(h) = -h - 1. Let v(r) = 6*m(r) - 13*p(r). What is v(g)?
0
Let r(c) = 0*c**2 + 3 + 3*c**2 + 0*c - 7*c - 1. Let b(x) = -8*x**2 + 20*x - 6. Let m(u) = -5*b(u) - 14*r(u). Let l be (0 - -3)/(2 + -3). Give m(l).
-10
Suppose -8*u = -5*u - 6. Let q(s) = 19*s + 3. Let y(b) = 9*b + 1. Let g(m) = -4*q(m) + 9*y(m). Calculate g(u).
7
Let w(d) = 1. Let n(b) = 6*b**2 + 5*b - 1. Let h(t) = n(t) - 2*w(t). Let c(a) = 7*a**2 + 6*a - 4. Let s(z) = -5*c(z) + 6*h(z). Give s(-3).
11
Let d(k) = -k**2 - 3. Let u be (-10)/(-15) - 10/(-3). Suppose u = 2*y - 2. Let x be 0*(2 + 1)/y. Determine d(x).
-3
Let f(s) = 474*s - 475*s - 8 - 7. What is f(-20)?
5
Let n(t) = 2*t**2 + 14*t - 6. Let w(g) = g**2 + 7*g - 3. Let o(m) = 3*n(m) - 7*w(m). Let d(a) = a**2 + 8*a - 4. Let s(p) = -2*d(p) - 3*o(p). What is s(-6)?
5
Let d(f) = -4743 - f**2 - 5*f - 5*f + 4736. Calculate d(-10).
-7
Let o(r) be the second derivative of -1/2*r**2 + 1/12*r**4 + 14*r + 0 + 1/20*r**5 - 1/6*r**3. Calculate o(0).
-1
Let a(j) be the second derivative of -j**5/20 + 7*j**4/12 - j**3/6 + 5*j**2 + 10*j. Suppose -8*y + 7*y + 7 = 0. Give a(y).
3
Let u(c) be the second derivative of c**4/12 + c**3/6 - c**2/2 + 2*c. Let z = -75 + 78. Let g be (23 - z)/4 - 4. Give u(g).
1
Let f = 110 + -106. Suppose -f*w + 9 - 13 = 0. Let g(l) = -7*l + 1. What is g(w)?
8
Suppose -4*k = 5*z - 30, 3*z + 5*k - 3*k = 16. Let j(p) be the first derivative of -1/2*p**z + 1 + 2*p. What is j(0)?
2
Let b(j) = -2*j - j + 2*j + 32 - 30. Let l = -6 - -10. What is b(l)?
-2
Let u(q) be the second derivative of -4*q**3/3 + q**2/2 + q. Let i(g) = -g**3 - 24*g**2 - 2*g - 50. Let j be i(-24). Determine u(j).
17
Let g(w) = 2*w + 2. Let s(u) = 7*u. Let z(v) = -3*g(v) + s(v). What is z(8)?
2
Let z(x) = 5*x**3 + 6*x**2 - 11*x - 7. Let t(j) = -2*j**3 + j**2. Let f(n) = 2*t(n) + z(n). Give f(-9).
11
Let m(w) = -6*w + 3*w**2 - 5 + 16*w - 6*w + 0*w. Calculate m(-4).
27
Suppose 0 = -2*n - 12 - 0. Suppose -j - 8 = -9. Let y(s) = 70*s - 77*s - 7*s**2 + s**3 + j - 2*s**3. Determine y(n).
7
Suppose -r + 3 = -3. Let z be (-20)/6 + r/(-9). Let b(q) = -q - 9. Give b(z).
-5
Let d(z) = -7*z + 7. Let b(t) = -27*t + 27. Let n(l) = 4*b(l) - 15*d(l). Let f be n(3). Let o(h) = 1 - h - 6 + 7. Determine o(f).
8
Let n(k) = k - 2. Let b be n(8). Suppose 5*q + 2*r - 80 = 7*r, 36 = 2*q - 3*r. Let g(s) = 2 - s**2 + 11*s + q*s + 0 - 17*s. Calculate g(b).
2
Let a(b) = 178 - b - 85 - 93 + 2*b**2 + 2*b**3. Determine a(-2).
-6
Suppose -6 = 3*t - 0*t. Let i = t + -1. Let j(f) = 4 - 12*f**2 + 9*f - 10*f + 11*f**2. Give j(i).
-2
Let z be 24/((-1)/2*-2). Suppose 3*v - r + 8 = 4*r, -3*v - 3*r + z = 0. Let o be 9*-3*v/18. Let y(u) = u. Give y(o).
-6
Suppose -3*l + 15 = 5*m + 4, 2*m + 3*l = -1. Suppose -4*k = -4*j + m, -2*j - j = k + 9. Let s(o) = -2*o + 2. What is s(k)?
8
Let m(v) = 2*v**2 + 2*v + 3. Suppose 3*j + 2*a + 14 = 0, -7*j + 5*a + 1 = -6*j. Give m(j).
27
Let m(h) = h**3 - 2*h**2 - 9*h - 2. Suppose -t - t + 2*z = -18, -5*z - 33 = -2*t. Let o be m(t). Let n(x) = x**3 + 6*x**2 - 2. What is n(o)?
-2
Suppose -3*t + 5 = 23. Let n(v) be the third derivative of v**7/5040 + v**6/90 - v**5/30 - 5*v**2. Let c(x) be the third derivative of n(x). Determine c(t).
2
Let u(b) be the first derivative of -b**2/2 + 4*b - 2. Suppose -672*v = -676*v. Give u(v).
4
Suppose -5 = -4*j + 15. Let q(g) = 2*g**3 - 11*g**2 + 4*g + 6. Let c be q(j). Let b(f) = -5*f. Give b(c).
-5
Let l(i) = i**3 + 17*i**2 + 17*i + 14. Let f(p) = 16*p + 896. Let v be f(-57). Give l(v).
-2
Let m(v) = -14*v**